 171 is divided by 33?
6
What is the remainder when 360 is divided by 35?
10
Calculate the remainder when 838 is divided by 5.
3
Calculate the remainder when 601 is divided by 48.
25
Calculate the remainder when 460 is divided by 21.
19
What is the remainder when 1745 is divided by 76?
73
What is the remainder when 2771 is divided by 22?
21
Calculate the remainder when 62 is divided by 23.
16
Calculate the remainder when 487 is divided by 62.
53
What is the remainder when 511 is divided by 270?
241
What is the remainder when 135 is divided by 21?
9
What is the remainder when 1833 is divided by 609?
6
What is the remainder when 579 is divided by 16?
3
Calculate the remainder when 159 is divided by 18.
15
Calculate the remainder when 102 is divided by 27.
21
What is the remainder when 176 is divided by 57?
5
What is the remainder when 2102 is divided by 81?
77
What is the remainder when 634 is divided by 29?
25
What is the remainder when 178 is divided by 63?
52
What is the remainder when 3211 is divided by 9?
7
What is the remainder when 227 is divided by 29?
24
What is the remainder when 3863 is divided by 30?
23
Calculate the remainder when 1036 is divided by 76.
48
Calculate the remainder when 616 is divided by 85.
21
Calculate the remainder when 6643 is divided by 5.
3
What is the remainder when 596 is divided by 285?
26
What is the remainder when 1763 is divided by 36?
35
Calculate the remainder when 237 is divided by 149.
88
Calculate the remainder when 76 is divided by 39.
37
What is the remainder when 284 is divided by 11?
9
What is the remainder when 4045 is divided by 1345?
10
What is the remainder when 199 is divided by 67?
65
Calculate the remainder when 41 is divided by 18.
5
What is the remainder when 132 is divided by 20?
12
Calculate the remainder when 474 is divided by 53.
50
Calculate the remainder when 473 is divided by 121.
110
Calculate the remainder when 548 is divided by 201.
146
What is the remainder when 179 is divided by 56?
11
What is the remainder when 1117 is divided by 370?
7
Calculate the remainder when 769 is divided by 11.
10
What is the remainder when 98 is divided by 58?
40
Calculate the remainder when 219 is divided by 55.
54
Calculate the remainder when 195 is divided by 7.
6
Calculate the remainder when 202 is divided by 50.
2
Calculate the remainder when 917 is divided by 92.
89
What is the remainder when 12 is divided by 12?
0
What is the remainder when 965 is divided by 163?
150
Calculate the remainder when 487 is divided by 174.
139
Calculate the remainder when 752 is divided by 188.
0
What is the remainder when 349 is divided by 146?
57
Calculate the remainder when 297 is divided by 75.
72
What is the remainder when 416 is divided by 33?
20
Calculate the remainder when 753 is divided by 192.
177
Calculate the remainder when 97 is divided by 51.
46
Calculate the remainder when 49127 is divided by 17.
14
What is the remainder when 269 is divided by 39?
35
What is the remainder when 119 is divided by 2?
1
Calculate the remainder when 452 is divided by 46.
38
What is the remainder when 550 is divided by 99?
55
Calculate the remainder when 58 is divided by 20.
18
Calculate the remainder when 31750 is divided by 162.
160
Calculate the remainder when 316 is divided by 88.
52
Calculate the remainder when 489 is divided by 45.
39
Calculate the remainder when 161 is divided by 64.
33
Calculate the remainder when 230 is divided by 35.
20
Calculate the remainder when 2206 is divided by 16.
14
What is the remainder when 3342 is divided by 88?
86
What is the remainder when 43 is divided by 1?
0
What is the remainder when 26 is divided by 24?
2
What is the remainder when 986 is divided by 325?
11
Calculate the remainder when 62 is divided by 13.
10
What is the remainder when 153 is divided by 78?
75
What is the remainder when 88 is divided by 23?
19
Calculate the remainder when 134 is divided by 12.
2
Calculate the remainder when 762 is divided by 26.
8
What is the remainder when 1175 is divided by 43?
14
Calculate the remainder when 19 is divided by 7.
5
Calculate the remainder when 279 is divided by 98.
83
What is the remainder when 305 is divided by 22?
19
What is the remainder when 147 is divided by 143?
4
What is the remainder when 66 is divided by 51?
15
What is the remainder when 174 is divided by 17?
4
Calculate the remainder when 8754 is divided by 73.
67
Calculate the remainder when 232 is divided by 128.
104
Calculate the remainder when 62 is divided by 11.
7
What is the remainder when 285 is divided by 21?
12
What is the remainder when 37 is divided by 6?
1
What is the remainder when 104 is divided by 27?
23
What is the remainder when 152 is divided by 7?
5
What is the remainder when 155 is divided by 40?
35
What is the remainder when 132 is divided by 9?
6
What is the remainder when 860 is divided by 54?
50
Calculate the remainder when 474 is divided by 32.
26
What is the remainder when 1675 is divided by 556?
7
Calculate the remainder when 314 is divided by 96.
26
What is the remainder when 407 is divided by 61?
41
Calculate the remainder when 4423 is divided by 14.
13
What is the remainder when 389 is divided by 28?
25
Calculate the remainder when 989 is divided by 91.
79
What is the remainder when 38417 is divided by 17?
14
Calculate the remainder when 200 is divided by 71.
58
Calculate the remainder when 3169 is divided by 122.
119
Calculate the remainder when 602 is divided by 592.
10
What is the remainder when 2006 is divided by 67?
63
What is the remainder when 25894 is divided by 47?
44
Calculate the remainder when 1017 is divided by 119.
65
What is the remainder when 2358 is divided by 294?
6
Calculate the remainder when 46 is divided by 42.
4
What is the remainder when 180 is divided by 71?
38
What is the remainder when 547 is divided by 528?
19
What is the remainder when 241 is divided by 17?
3
What is the remainder when 2404 is divided by 8?
4
Calculate the remainder when 21430 is divided by 14.
10
Calculate the remainder when 821 is divided by 216.
173
Calculate the remainder when 2367 is divided by 44.
35
Calculate the remainder when 1223 is divided by 122.
3
Calculate the remainder when 337 is divided by 53.
19
Calculate the remainder when 139 is divided by 48.
43
Calculate the remainder when 487 is divided by 161.
4
What is the remainder when 167 is divided by 156?
11
What is the remainder when 130 is divided by 16?
2
Calculate the remainder when 482 is divided by 69.
68
What is the remainder when 6 is divided by 3?
0
What is the remainder when 315 is divided by 53?
50
Calculate the remainder when 178 is divided by 103.
75
What is the remainder when 136 is divided by 58?
20
Calculate the remainder when 493 is divided by 72.
61
Calculate the remainder when 1159 is divided by 24.
7
What is the remainder when 284 is divided by 6?
2
Calculate the remainder when 866 is divided by 79.
76
What is the remainder when 205 is divided by 65?
10
What is the remainder when 155 is divided by 66?
23
What is the remainder when 243 is divided by 159?
84
Calculate the remainder when 526 is divided by 44.
42
Calculate the remainder when 833 is divided by 93.
89
What is the remainder when 18969 is divided by 6322?
3
Calculate the remainder when 12398 is divided by 25.
23
What is the remainder when 451 is divided by 65?
61
What is the remainder when 1974 is divided by 18?
12
Calculate the remainder when 1404 is divided by 278.
14
What is the remainder when 203 is divided by 44?
27
Calculate the remainder when 1304 is divided by 12.
8
Calculate the remainder when 131 is divided by 40.
11
What is the remainder when 544 is divided by 246?
52
Calculate the remainder when 2375 is divided by 22.
21
What is the remainder when 199 is divided by 153?
46
What is the remainder when 46 is divided by 38?
8
What is the remainder when 5223 is divided by 3?
0
Calculate the remainder when 1021 is divided by 256.
253
What is the remainder when 1747 is divided by 38?
37
What is the remainder when 217 is divided by 10?
7
What is the remainder when 87335 is divided by 24?
23
What is the remainder when 1461 is divided by 34?
33
Calculate the remainder when 23 is divided by 1.
0
What is the remainder when 11597 is divided by 96